4?
40
In base 8, what is -2 + 210?
206
In base 14, what is 3 + -3b?
-38
In base 16, what is -39 - -1?
-38
In base 12, what is 7 - 9b9?
-9b2
In base 8, what is -210 - -17?
-171
In base 15, what is 15 + 5?
1a
In base 11, what is -3 - 30?
-33
In base 3, what is 100101 + 1?
100102
In base 6, what is -1440 - 41?
-1521
In base 14, what is 395 - -3?
398
In base 3, what is 102201 + -10?
102121
In base 10, what is -5 - -8?
3
In base 14, what is -7 + 27?
20
In base 6, what is -3 - -415?
412
In base 8, what is 33610 + 3?
33613
In base 12, what is -59 + 3b?
-1a
In base 6, what is 3 - -133?
140
In base 16, what is -b5a - -4?
-b56
In base 3, what is 1 + -22022?
-22021
In base 9, what is 125 - 45?
70
In base 14, what is 38 + -11?
27
In base 2, what is 111100001 - 101?
111011100
In base 15, what is 4 - -543?
547
In base 4, what is -110 + 0?
-110
In base 16, what is -2 + -47?
-49
In base 13, what is 2b + 24?
52
In base 14, what is -5 + -4c9?
-4d0
In base 2, what is -101011 - -1?
-101010
In base 3, what is 2101 - -12?
2120
In base 16, what is 6ad - 3?
6aa
In base 7, what is -1502 + -4?
-1506
In base 4, what is 3032 + 2?
3100
In base 2, what is 110 - 11110?
-11000
In base 4, what is 2023 - -11?
2100
In base 7, what is 0 - -4424?
4424
In base 7, what is -44 + 5?
-36
In base 16, what is 352 - 4?
34e
In base 11, what is -71a + -4?
-723
In base 2, what is 10100000 - -1001?
10101001
In base 12, what is -321 + -b?
-330
In base 5, what is 143 + -12?
131
In base 13, what is -85 - -1c?
-66
In base 10, what is -19 - 77?
-96
In base 7, what is 6 - -3114?
3123
In base 4, what is -1 - -12?
11
In base 4, what is 1 + 223202?
223203
In base 13, what is 0 - b33?
-b33
In base 4, what is 2 + -231233?
-231231
In base 5, what is -21 - 10?
-31
In base 4, what is 10230 + -30?
10200
In base 12, what is 2b33 - -3?
2b36
In base 3, what is -110 - -202?
22
In base 7, what is -3 - 12?
-15
In base 3, what is 110 - -1101110?
1101220
In base 16, what is 2 - -4d1?
4d3
In base 13, what is 63 + -1?
62
In base 8, what is -17 + -14?
-33
In base 14, what is -da7 - 0?
-da7
In base 9, what is 360 - 0?
360
In base 9, what is 4 - -48?
53
In base 5, what is -2 - -244?
242
In base 3, what is -10 + 1012?
1002
In base 3, what is 0 - 212?
-212
In base 10, what is 0 + -5?
-5
In base 14, what is 37 + 3?
3a
In base 7, what is 2 - 233?
-231
In base 13, what is -21b5 + -2?
-21b7
In base 2, what is -10110 + 10?
-10100
In base 12, what is -3 + -239?
-240
In base 3, what is -1 + 10002?
10001
In base 9, what is 1088 + 0?
1088
In base 15, what is 3 - 14?
-11
In base 14, what is 452 - 1?
451
In base 10, what is -51 + 158?
107
In base 9, what is -32 - 4?
-36
In base 13, what is 3 - -84?
87
In base 4, what is -3 + 3?
0
In base 7, what is 64 - 5?
56
In base 3, what is -10 - 21?
-101
In base 5, what is -320 + 4?
-311
In base 14, what is 61 - 37?
28
In base 12, what is -972 + a?
-964
In base 6, what is -344 - 5?
-353
In base 9, what is -1 + -555?
-556
In base 7, what is 4 + 4603?
4610
In base 13, what is -b47 + -6?
-b50
In base 2, what is -111111 + -1000?
-1000111
In base 11, what is -6151 + -4?
-6155
In base 2, what is 111 + 11111?
100110
In base 3, what is 220 + 110?
1100
In base 4, what is 131002 - 2?
131000
In base 9, what is 4 - 313?
-308
In base 12, what is -4 + -71?
-75
In base 12, what is -29a + -4?
-2a2
In base 3, what is 1 - -10011112?
10011120
In base 8, what is 3 + 563?
566
In base 12, what is 2a - -216?
244
In base 11, what is -2 + -36?
-38
In base 15, what is -533 + -2?
-535
In base 9, what is -22117 + 3?
-22114
In base 3, what is 2 - -200201?
200210
In base 9, what is 74 - 2?
72
In base 6, what is 243 - 2?
241
In base 14, what is d - 1b?
-c
In base 9, what is 3 - -1145?
1148
In base 9, what is -15 - 12?
-27
In base 10, what is -214 + 44?
-170
In base 16, what is 2 + -621?
-61f
In base 6, what is 5310 + -10?
5300
In base 8, what is 164 + 15?
201
In base 16, what is 2 + 3b?
3d
In base 11, what is 1 + -101?
-100
In base 10, what is -469 + -4?
-473
In base 7, what is -420 - 2?
-422
In base 4, what is -1002 - 101?
-1103
In base 8, what is 46 + 241?
307
In base 12, what is 900 + -1?
8bb
In base 3, what is 210002 - -2?
210011
In base 16, what is -1 - 30?
-31
In base 11, what is 5 - -35?
3a
In base 10, what is -1423 + -2?
-1425
In base 15, what is -33 + 5?
-2d
In base 2, what is 101 + 111110110011?
111110111000
In base 6, what is -1100 + -2?
-1102
In base 12, what is 7 - -28?
33
In base 11, what is -184 + 5?
-17a
In base 14, what is -9 - 9?
-14
In base 12, what is 107 - 2?
105
In base 13, what is 1 + -75?
-74
In base 5, what is 13 + 140?
203
In base 9, what is 3 - 10?
-6
In base 9, what is 35 + 1?
36
In base 13, what is 46 + -3?
43
In base 8, what is 2 - 661?
-657
In base 7, what is -4 + 51?
44
In base 4, what is -13 + 1311?
1232
In base 2, what is -10000 - 1101000?
-1111000
In base 4, what is 220020 - 11?
220003
In base 12, what is 0 + 1485?
1485
In base 2, what is -101 + -100011101011?
-100011110000
In base 11, what is -103 - 7?
-10a
In base 16, what is a9 + 15?
be
In base 10, what is 15 - 109?
-94
In base 9, what is 5 + -220?
-214
In base 4, what is -21 + 13110?
13023
In base 9, what is 575 - -5?
581
In base 10, what is -5788 + 5?
-5783
In base 9, what is 0 + 38?
38
In base 11, what is 6 - 185?
-17a
In base 4, what is -10 + -203320?
-203330
In base 12, what is 159 - 9?
150
In base 7, what is 45 - -26?
104
In base 6, what is 31 - 14?
13
In base 10, what is -585 - -1?
-584
In base 14, what is 7d - -8?
87
In base 16, what is 1 + -d8?
-d7
In base 11, what is -2377 + -4?
-2380
In base 13, what is -7803 - -5?
-77cb
In base 10, what is 138 - 68?
70
In base 12, what is 0 + 23?
23
In base 6, what is 2011 - -3?
2014
In base 14, what is 7d6 - 1?
7d5
In base 5, what is 311042 - -4?
311101
In base 8, what is -427 - -3?
-424
In base 13, what is -3 + 0?
-3
In base 14, what is -138 + 1?
-137
In base 5, what is 433 + 0?
433
In base 6, what is 21 - 0?
21
In base 14, what is -5 - -43?
3c
In base 11, what is -20 - -325?
305
In base 7, what is 13 - 4?
6
In base 11, what is -70 + 13?
-58
In base 14, what is 5 + -41?
-3a
In base 3, what is 2221 + -1?
2220
In base 11, what is 6 - -6a?
75
In base 2, what is 11000001011 + -101?
11000000110
In base 9, what is -207 - 0?
-207
In base 2, what is 101 + 100000?
100101
In base 16, what is 2ca - 2?
2c8
In base 2, what is 1100 + 11011110?
11101010
In base 8, what is -22702 + -5?
-22707
In base 13, what is -58 - 10a?
-165
In base 12, what is -5 + 2417?
2412
In base 2, what is 10010010001 - 11?
10010001110
In base 15, what is 4c0 + 0?
4c0
In base 14, what is -30 - 5?
-35
In base 10, what is 161 + 5?
166
In base 16, what is -104e - -5?
-1049
In base 6, what is 1514 + 31?
1545
In base 12, what is -4 - -1?
-3
In base 10, what is 122 + 2?
124
In base 7, what is -11 - -1535?
1524
In base 11, what is 3 - -a?
12
In base 6, what is -5 - 1422?
-1431
In base 9, what is -5 + -542?
-547
In base 4, what is 12000 - -12?
12012
In base 3, what is 2110 - 20?
2020
In base 14, what is 0 + 1d?
1d
In base 11, what is 3948 + 4?
3951
In base 9, what is -24 + -6?
-31
In base 2, what is -1010000011110 + -110?
-1010000100100
In base 8, what is 33 - 425?
-372
In base 9, what is -5 - 2?
-7
In base 6, what is -1111 - 5?
-1120
In base 12, what is 30 - 39?
-9
In base 7, what is 1 - -1112?
1113
In base 6, what is 332 - 3?
325
In base 8, what is 336 + -4?
332
In base 10, what is 21001 - 1?
21000
In base 9, what is -33 + -10?
-43
In base 15, what is -12 - -11a?
108
In base 3, what is -2012001 - 10?
-2012011
In base 7, what is -102 + 0?
-102
In base 7, what is 0 + 2124?
2124
In base 2, what is -11 - 1101?
-10000
In base 4, what is -2 - 31?
-33
In base 9, what is -385 - 3?
-388
In base 7, what is 24 + 1?
25
In base 16, what is -1 - 38?
-39
In base 12, what is 3 - -79?
80
In base 11, what is -100 + 3?
-a8
In base 2, what is 10 + 10100101?
10100111
In base 12, what is 3a + 20?
5a
In base 8, what is -2 - -34?
32
In base 14, what is ab + 98?
165
In base 10, what is -337 + 2?
-335
In base 12, what is 3 + 578?
57b
In base 13, what is 1 - -11cb?
11cc
In base 7, what is 343 + 4?
350
In base 14, what is 14b8 - 2?
14b6
In base 13, what is -4 + -80?
-84
In base 10, what is -55 - 1?
-56
In base 3, what is 0 - 10220?
-10220
In base 3, what is 